
False
Is 60 a factor of 469?
False
Is 35644 a multiple of 38?
True
Does 5 divide 74?
False
Is 3747 a multiple of 106?
False
Is 20080 a multiple of 80?
True
Does 169 divide 6241?
False
Does 22 divide 861?
False
Is 13 a factor of 548?
False
Is 1224 a multiple of 41?
False
Is 26 even?
True
Does 14 divide 148?
False
Is 839 a multiple of 2?
False
Does 12 divide 2266?
False
Does 3 divide 34?
False
Is 20097 a multiple of 21?
True
Is 51183 a multiple of 162?
False
Does 18 divide 1357?
False
Does 3 divide 1061?
False
Is 20988 a multiple of 99?
True
Is 816 a multiple of 10?
False
Is 69 a factor of 4623?
True
Is 2213 a multiple of 8?
False
Is 3800 a multiple of 38?
True
Is 10 a factor of 18540?
True
Does 26 divide 855?
False
Does 57 divide 8329?
False
Is 36 a factor of 178?
False
Is 980 a multiple of 7?
True
Is 5852 a multiple of 11?
True
Is 19 a factor of 34611?
False
Is 52 a factor of 24146?
False
Is 43860 a multiple of 215?
True
Does 16 divide 1952?
True
Is 4 a factor of 1530?
False
Does 23 divide 3979?
True
Is 43 a factor of 2666?
True
Is 51 a factor of 7397?
False
Is 3 a factor of 1998?
True
Is 919 a multiple of 3?
False
Does 7 divide 7413?
True
Is 5 a factor of 605?
True
Is 5 a factor of 164?
False
Does 13 divide 1040?
True
Does 84 divide 20748?
True
Does 13 divide 15717?
True
Is 77 a factor of 1512?
False
Is 66 a factor of 10758?
True
Does 10 divide 3570?
True
Is 184 a multiple of 8?
True
Is 13 a factor of 3731?
True
Is 37 a factor of 274?
False
Does 9 divide 171?
True
Does 16 divide 47760?
True
Is 174 a factor of 8187?
False
Is 227 a multiple of 7?
False
Is 359 a multiple of 4?
False
Is 987 a multiple of 47?
True
Is 58 a factor of 14276?
False
Does 14 divide 899?
False
Does 18 divide 1411?
False
Is 15 a factor of 2014?
False
Is 22275 a multiple of 200?
False
Does 15 divide 10005?
True
Is 2064 a multiple of 21?
False
Is 1254 a multiple of 23?
False
Does 11 divide 19437?
True
Is 43 a factor of 505?
False
Is 470 a multiple of 5?
True
Is 4773 a multiple of 22?
False
Is 27 a factor of 49410?
True
Is 1098 a multiple of 18?
True
Is 4823 a multiple of 53?
True
Does 89 divide 1424?
True
Is 16480 a multiple of 40?
True
Does 12 divide 16789?
False
Is 29 a factor of 7076?
True
Does 7 divide 600?
False
Is 669 a multiple of 4?
False
Does 14 divide 73136?
True
Does 5 divide 439?
False
Is 11 a factor of 1661?
True
Is 5 a factor of 4939?
False
Is 9 a factor of 3634?
False
Is 5671 a multiple of 43?
False
Does 18 divide 49932?
True
Is 2793 a multiple of 70?
False
Is 49 a factor of 1372?
True
Does 14 divide 33036?
False
Is 27509 a multiple of 7?
False
Does 39 divide 1087?
False
Is 10 a factor of 1516?
False
Does 4 divide 512?
True
Is 270 a multiple of 30?
True
Is 53 a multiple of 4?
False
Does 21 divide 7344?
False
Is 32 a factor of 6400?
True
Does 21 divide 315?
True
Is 28 a factor of 392?
True
Does 12 divide 466?
False
Does 13 divide 1118?
True
Does 69 divide 3795?
True
Does 28 divide 433?
False
Is 7945 a multiple of 35?
True
Is 3 a factor of 2695?
False
Does 40 divide 5300?
False
Does 8 divide 2215?
False
Is 16851 a multiple of 86?
False
Is 153 a factor of 96943?
False
Is 21090 a multiple of 190?
True
Does 7 divide 3276?
True
Is 1417 a multiple of 13?
True
Is 361 a factor of 76171?
True
Does 16 divide 3811?
False
Does 23 divide 12029?
True
Does 27 divide 2396?
False
Does 12 divide 3792?
True
Is 29171 a multiple of 4?
False
Is 2 a multiple of 2?
True
Does 16 divide 528?
True
Is 21 a factor of 4284?
True
Is 22050 a multiple of 126?
True
Is 232 a multiple of 12?
False
Is 13879 a multiple of 68?
False
Does 83 divide 3984?
True
Is 116 a factor of 1972?
True
Is 3 a factor of 463?
False
Is 77 a factor of 6776?
True
Is 7 a factor of 272?
False
Is 177 a multiple of 5?
False
Does 5 divide 1910?
True
Does 121 divide 2399?
False
Is 137 a factor of 146473?
False
Is 8 a factor of 136?
True
Is 29 a factor of 174?
True
Is 49021 a multiple of 149?
True
Does 101 divide 12726?
True
Is 16 a factor of 1744?
True
Is 2041 a multiple of 32?
False
Is 83 a factor of 135124?
True
Is 12337 a multiple of 7?
False
Is 2807 a multiple of 102?
False
Does 15 divide 345?
True
Does 11 divide 54292?
False
Is 15 a factor of 7366?
False
Does 23 divide 13507?
False
Is 1984 a multiple of 8?
True
Is 18992 a multiple of 30?
False
Is 24613 a multiple of 163?
True
Is 4 a factor of 673?
False
Is 196 a factor of 100307?
False
Does 2 divide 3375?
False
Is 216 a multiple of 4?
True
Does 46 divide 23736?
True
Does 188 divide 26320?
True
Is 27 a factor of 70524?
True
Is 15 a factor of 29265?
True
Does 22 divide 1210?
True
Is 8187 a multiple of 9?
False
Does 5 divide 443?
False
Is 47 a factor of 5485?
False
Is 18414 a multiple of 54?
True
Is 874 a multiple of 46?
True
Is 11311 a multiple of 5?
False
Is 2 a factor of 142?
True
Does 86 divide 8858?
True
Does 2 divide 1177?
False
Is 4 a factor of 5284?
True
Is 59 a factor of 6403?
False
Is 10 a factor of 13030?
True
Does 2 divide 5385?
False
Does 16 divide 1808?
True
Does 12 divide 420?
True
Is 10039 a multiple of 75?
False
Is 86 a factor of 6794?
True
Is 8 a factor of 42600?
True
Is 1007 a multiple of 27?
False
Is 360 a multiple of 18?
True
Is 36 a factor of 864?
True
Is 126 a factor of 201?
False
Is 38 a factor of 15317?
False
Does 27 divide 25596?
True
Does 9 divide 7614?
True
Is 8697 a multiple of 14?
False
Is 2668 a multiple of 46?
True
Does 14 divide 294?
True
Does 2 divide 361?
False
Does 18 divide 2016?
True
Does 18 divide 33560?
False
Is 2412 a multiple of 98?
False
Does 69 divide 16887?
False
Does 23 divide 63180?
False
Is 33 a factor of 54?
False
Is 96 a factor of 6220?
False
Is 507 a multiple of 14?
False
Is 72 even?
True
Is 1224 a multiple of 36?
True
Is 31248 a multiple of 6?
True
Is 1806 a multiple of 38?
False
Does 88 divide 4927?
False
Does 49 divide 8575?
True
Does 45 divide 225?
True
Is 601 a multiple of 52?
False
Is 4028 a multiple of 4?
True
Is 12 a factor of 2976?
True
Is 772 a multiple of 45?
False
Is 38 a factor of 197?
False
Does 11 divide 319?
True
Does 30 divide 210?
True
Does 46 divide 874?
True
Is 1767 a multiple of 31?
True
Is 66 a factor of 34982?
False
Is 27 a factor of 587?
False
Is 11 a factor of 800?
False
Is 798 a multiple of 42?
True
Does 2 divide 834?
True
Is 315 a multiple of 2?
False
Is 2544 a multiple of 53?
True
Is 73 a factor of 9728?
False
Is 76835 a multiple of 55?
True
Is 360 a multiple of 39?
False
Does 20 divide 14160?
True
Is 1247 a multiple of 10?
False
Does 3 divide 627?
True
Does 235 divide 25484?
False
Does 21 divide 10342?
False
Is 4485 a multiple of 24?
False
Is 127 a multiple of 2?
False
Is 251 a multiple of 25?
False
Is 100 a multiple of 6?
False
Is 54 a factor of 16471?
False
Does 27 divide 9585?
True
Is 15 a factor of 585?
True
Does 40 divide 720?
True
Is 75 a factor of 1125?
True
Does 46 divide 3266?
True
Is 62671 a multiple of 27?
False
Is 408 a multiple of 12?
True
Is 23 a factor of 14177?
False
Does 78 divide 234?
True
Is 43 a factor of 777?
False
Does 9 divide 684?
True
Is 20 a factor of 2927?
False
Is 42 a factor of 19992?
True
Is 273 a multiple of 13?
True
Is 10 a factor of 815?
False
Is 30225 a multiple of 155?
True
Is 4179 a multiple of 21?
True
Is 4655 a multiple of 95?
True
Is 21285 a multiple of 129?
True
Does 6 divide 204?
True
Is 65 a factor of 6132?
False
Does 240 divide 24098?
False
Is 15 a factor of 3930?
True
Is 94 a factor of 8554?
True
Does 15 divide 945?
True
Does 22 divide 352?
True
Is 21 a factor of 1837?
False
Does 15 divide 3665?
False
Is 433 a multiple of 36?
False
Is 4 a factor of 1176?
True
Does 19 divide 1767?
True
Is 12 a factor of 382?
False
Does 10 divide 5730?
True
Is 176 a factor of 3344?
True
Is 3944 a multiple of 17?
True
Does 41 divide 1144?
False
Is 273 a multiple of 3?
True
Is 34 a factor of 1938?
True
Is 408 a multiple of 24?
True
Is 55965 a multiple of 105?
True
Does 27 divide 8748?
True
Does 6 divide 2588?
False
Does 8 divide 113?
False
Is 33 a factor of 4239?
False
Is 88 a multiple of 7?
False
Does 64 divide 17664?
True
Is 10 a factor of 1550?
True
Is 504 a multiple of 8?
True
Is 18 a factor of 8100?
True
Does 13 divide 6739?
False
Is 3 a factor of 1476?
True
Is 38 a factor of 1406?
True
Does 19 divide 56031?
True
Is 632 a multiple of 12?
False
Is 15185 a multi